{"id":54,"date":"2024-07-22T11:10:11","date_gmt":"2024-07-22T11:10:11","guid":{"rendered":"https:\/\/gpoint.yunethosting.rs\/?page_id=54"},"modified":"2024-08-22T23:18:05","modified_gmt":"2024-08-22T21:18:05","slug":"drustvene-mreze","status":"publish","type":"page","link":"https:\/\/gpoint.yunethosting.rs\/index.php\/drustvene-mreze\/","title":{"rendered":"DRU\u0160TVENE MRE\u017dE"},"content":{"rendered":"<p>[et_pb_section fb_built=&#8221;1&#8243; fullwidth=&#8221;on&#8221; _builder_version=&#8221;4.23.4&#8243; _module_preset=&#8221;default&#8221; global_colors_info=&#8221;{}&#8221;][et_pb_fullwidth_image src=&#8221;https:\/\/gpoint.yunethosting.rs\/wp-content\/uploads\/2024\/07\/heder-G-Point.jpg&#8221; title_text=&#8221;heder G Point&#8221; _builder_version=&#8221;4.23.4&#8243; _module_preset=&#8221;default&#8221; global_colors_info=&#8221;{}&#8221;][\/et_pb_fullwidth_image][\/et_pb_section][et_pb_section fb_built=&#8221;1&#8243; _builder_version=&#8221;4.16&#8243; locked=&#8221;off&#8221; global_colors_info=&#8221;{}&#8221;][et_pb_row column_structure=&#8221;3_4,1_4&#8243; _builder_version=&#8221;4.16&#8243; background_size=&#8221;initial&#8221; background_position=&#8221;top_left&#8221; background_repeat=&#8221;repeat&#8221; global_colors_info=&#8221;{}&#8221;][et_pb_column type=&#8221;3_4&#8243; _builder_version=&#8221;4.16&#8243; custom_padding=&#8221;|||&#8221; global_colors_info=&#8221;{}&#8221; custom_padding__hover=&#8221;|||&#8221;][et_pb_text _builder_version=&#8221;4.16&#8243; background_size=&#8221;initial&#8221; background_position=&#8221;top_left&#8221; background_repeat=&#8221;repeat&#8221; global_colors_info=&#8221;{}&#8221;]<!-- divi:paragraph --><\/p>\n<h1>DRU\u0160TVENE MRE\u017dE<\/h1>\n<p style=\"text-align: justify;\">U dana\u0161njem digitalnom dobu, dru\u0161tvene mre\u017ee su postale neizostavan dio promocije poslovanja ili brenda. Besplatne su, dostupne svima i nude ogroman potencijal za dosezanje \u0161iroke publike. Me\u0111utim, da biste izvukli maksimum iz dru\u0161tvenih mre\u017ea, potrebno ih je strate\u0161ki voditi. To zna\u010di da je potrebno definisati ciljeve, razviti plan sadr\u017eaja, anga\u017eovati se u komunikaciji s publikom i pratiti rezultate.<\/p>\n<p style=\"text-align: justify;\">Svaka platforma dru\u0161tvenih mre\u017ea ima svoje specifi\u010dne karakteristike i publiku. Va\u017eno je odabrati platforme koje su relevantne za \u017eeljenu ciljnu publiku i vrstu sadr\u017eaja koji treba plasirati.<\/p>\n<p style=\"text-align: justify;\">Jasno definisani ciljevi pomo\u0107i \u0107e razvoju strategije i merenju uspeha. Plan sadr\u017eaja uklju\u010duje raznolikost formata, kao \u0161to su tekstualne objave, slike, videozapisi i pri\u010de. Va\u017eno je da sadr\u017eaj bude relevantan i da odgovara ciljevima objava.<\/p>\n<p style=\"text-align: justify;\">Dru\u0161tvene mre\u017ee su dvosmerna ulica. Neophodno je odgovaranje na komentare, poruke i pitanja. To poma\u017ee, u velikoj meri, izgradnji odnosa s publikom i pove\u0107ava njen anga\u017eman.<\/p>\n<p style=\"text-align: justify;\">Va\u017eno je pratiti klju\u010dne performanse indikatora (KPI) kako biste videli u\u010dinak objava. Kori\u0161\u0107enje relevantnih ha\u0161tagova, vizualno privla\u010dan sadr\u017eaj i doslednost u objavljanju sadr\u017eaja pove\u0107avajuvidljivost objava.<\/p>\n<p style=\"text-align: justify;\">Vo\u0111enje dru\u0161tvenih mre\u017ea mo\u017ee biti dugotrajan proces, ali uz trud i strategiju, daje izvanredne rezultate.<\/p>\n<p style=\"text-align: justify;\">G Point sara\u0111uje sa Lidijom Arsenin osniva\u010dem i vlasnicom <a href=\"contentstudio.rs\">CONTENT STUDIO<\/a>, dokazanim ekspertom za dru\u0161tvene mre\u017ee, koja uspe\u0161no vodi kampanje za Radio televiziju Vojvodine, kompaniju Forever i druge velike brendove. Cena obuke za vo\u0111enje dru\u0161tvenih mre\u017ea, kao i usluge formiranja profila, kopirajta, videografije i vo\u0111enja profila na dru\u0161tvenim mre\u017eama je predmet dogovora I zavisi od potreba svakog klijenta.\u00a0<\/p>\n<p><!-- \/divi:paragraph -->[\/et_pb_text][\/et_pb_column][et_pb_column type=&#8221;1_4&#8243; _builder_version=&#8221;4.16&#8243; custom_padding=&#8221;|||&#8221; global_colors_info=&#8221;{}&#8221; custom_padding__hover=&#8221;|||&#8221;][et_pb_image src=&#8221;https:\/\/gpoint.yunethosting.rs\/wp-content\/uploads\/2024\/07\/Lidija-Content-Studio.jpg&#8221; title_text=&#8221;Lidija Content Studio&#8221; url=&#8221;http:\/\/contentstudio.rs&#8221; url_new_window=&#8221;on&#8221; _builder_version=&#8221;4.27.0&#8243; _module_preset=&#8221;default&#8221; global_colors_info=&#8221;{}&#8221;][\/et_pb_image][\/et_pb_column][\/et_pb_row][\/et_pb_section]<\/p>\n","protected":false},"excerpt":{"rendered":"<p>DRU\u0160TVENE MRE\u017dE U dana\u0161njem digitalnom dobu, dru\u0161tvene mre\u017ee su postale neizostavan dio promocije poslovanja ili brenda. Besplatne su, dostupne svima i nude ogroman potencijal za dosezanje \u0161iroke publike. Me\u0111utim, da biste izvukli maksimum iz dru\u0161tvenih mre\u017ea, potrebno ih je strate\u0161ki voditi. To zna\u010di da je potrebno definisati ciljeve, razviti plan sadr\u017eaja, anga\u017eovati se u komunikaciji [&hellip;]<\/p>\n","protected":false},"author":2,"featured_media":0,"parent":0,"menu_order":0,"comment_status":"closed","ping_status":"closed","template":"","meta":{"_et_pb_use_builder":"on","_et_pb_old_content":"","_et_gb_content_width":"","footnotes":""},"class_list":["post-54","page","type-page","status-publish","hentry"],"yoast_head":"<!-- This site is optimized with the Yoast SEO plugin v23.3 - https:\/\/yoast.com\/wordpress\/plugins\/seo\/ -->\n<title>DRU\u0160TVENE MRE\u017dE - G POINT<\/title>\n<meta name=\"robots\" content=\"index, follow, max-snippet:-1, max-image-preview:large, max-video-preview:-1\" \/>\n<link rel=\"canonical\" href=\"https:\/\/gpoint.yunethosting.rs\/index.php\/drustvene-mreze\/\" \/>\n<meta property=\"og:locale\" content=\"en_US\" \/>\n<meta property=\"og:type\" content=\"article\" \/>\n<meta property=\"og:title\" content=\"DRU\u0160TVENE MRE\u017dE - G POINT\" \/>\n<meta property=\"og:description\" content=\"DRU\u0160TVENE MRE\u017dE U dana\u0161njem digitalnom dobu, dru\u0161tvene mre\u017ee su postale neizostavan dio promocije poslovanja ili brenda. Besplatne su, dostupne svima i nude ogroman potencijal za dosezanje \u0161iroke publike. Me\u0111utim, da biste izvukli maksimum iz dru\u0161tvenih mre\u017ea, potrebno ih je strate\u0161ki voditi. To zna\u010di da je potrebno definisati ciljeve, razviti plan sadr\u017eaja, anga\u017eovati se u komunikaciji [&hellip;]\" \/>\n<meta property=\"og:url\" content=\"https:\/\/gpoint.yunethosting.rs\/index.php\/drustvene-mreze\/\" \/>\n<meta property=\"og:site_name\" content=\"G POINT\" \/>\n<meta property=\"article:modified_time\" content=\"2024-08-22T21:18:05+00:00\" \/>\n<meta name=\"twitter:card\" content=\"summary_large_image\" \/>\n<script type=\"application\/ld+json\" class=\"yoast-schema-graph\">{\"@context\":\"https:\/\/schema.org\",\"@graph\":[{\"@type\":\"WebPage\",\"@id\":\"https:\/\/gpoint.yunethosting.rs\/index.php\/drustvene-mreze\/\",\"url\":\"https:\/\/gpoint.yunethosting.rs\/index.php\/drustvene-mreze\/\",\"name\":\"DRU\u0160TVENE MRE\u017dE - G POINT\",\"isPartOf\":{\"@id\":\"https:\/\/gpoint.yunethosting.rs\/#website\"},\"datePublished\":\"2024-07-22T11:10:11+00:00\",\"dateModified\":\"2024-08-22T21:18:05+00:00\",\"breadcrumb\":{\"@id\":\"https:\/\/gpoint.yunethosting.rs\/index.php\/drustvene-mreze\/#breadcrumb\"},\"inLanguage\":\"en-US\",\"potentialAction\":[{\"@type\":\"ReadAction\",\"target\":[\"https:\/\/gpoint.yunethosting.rs\/index.php\/drustvene-mreze\/\"]}]},{\"@type\":\"BreadcrumbList\",\"@id\":\"https:\/\/gpoint.yunethosting.rs\/index.php\/drustvene-mreze\/#breadcrumb\",\"itemListElement\":[{\"@type\":\"ListItem\",\"position\":1,\"name\":\"Home\",\"item\":\"https:\/\/gpoint.yunethosting.rs\/\"},{\"@type\":\"ListItem\",\"position\":2,\"name\":\"DRU\u0160TVENE MRE\u017dE\"}]},{\"@type\":\"WebSite\",\"@id\":\"https:\/\/gpoint.yunethosting.rs\/#website\",\"url\":\"https:\/\/gpoint.yunethosting.rs\/\",\"name\":\"G POINT\",\"description\":\"\",\"potentialAction\":[{\"@type\":\"SearchAction\",\"target\":{\"@type\":\"EntryPoint\",\"urlTemplate\":\"https:\/\/gpoint.yunethosting.rs\/?s={search_term_string}\"},\"query-input\":\"required name=search_term_string\"}],\"inLanguage\":\"en-US\"}]}<\/script>\n<!-- \/ Yoast SEO plugin. -->","yoast_head_json":{"title":"DRU\u0160TVENE MRE\u017dE - G POINT","robots":{"index":"index","follow":"follow","max-snippet":"max-snippet:-1","max-image-preview":"max-image-preview:large","max-video-preview":"max-video-preview:-1"},"canonical":"https:\/\/gpoint.yunethosting.rs\/index.php\/drustvene-mreze\/","og_locale":"en_US","og_type":"article","og_title":"DRU\u0160TVENE MRE\u017dE - G POINT","og_description":"DRU\u0160TVENE MRE\u017dE U dana\u0161njem digitalnom dobu, dru\u0161tvene mre\u017ee su postale neizostavan dio promocije poslovanja ili brenda. Besplatne su, dostupne svima i nude ogroman potencijal za dosezanje \u0161iroke publike. Me\u0111utim, da biste izvukli maksimum iz dru\u0161tvenih mre\u017ea, potrebno ih je strate\u0161ki voditi. To zna\u010di da je potrebno definisati ciljeve, razviti plan sadr\u017eaja, anga\u017eovati se u komunikaciji [&hellip;]","og_url":"https:\/\/gpoint.yunethosting.rs\/index.php\/drustvene-mreze\/","og_site_name":"G POINT","article_modified_time":"2024-08-22T21:18:05+00:00","twitter_card":"summary_large_image","schema":{"@context":"https:\/\/schema.org","@graph":[{"@type":"WebPage","@id":"https:\/\/gpoint.yunethosting.rs\/index.php\/drustvene-mreze\/","url":"https:\/\/gpoint.yunethosting.rs\/index.php\/drustvene-mreze\/","name":"DRU\u0160TVENE MRE\u017dE - G POINT","isPartOf":{"@id":"https:\/\/gpoint.yunethosting.rs\/#website"},"datePublished":"2024-07-22T11:10:11+00:00","dateModified":"2024-08-22T21:18:05+00:00","breadcrumb":{"@id":"https:\/\/gpoint.yunethosting.rs\/index.php\/drustvene-mreze\/#breadcrumb"},"inLanguage":"en-US","potentialAction":[{"@type":"ReadAction","target":["https:\/\/gpoint.yunethosting.rs\/index.php\/drustvene-mreze\/"]}]},{"@type":"BreadcrumbList","@id":"https:\/\/gpoint.yunethosting.rs\/index.php\/drustvene-mreze\/#breadcrumb","itemListElement":[{"@type":"ListItem","position":1,"name":"Home","item":"https:\/\/gpoint.yunethosting.rs\/"},{"@type":"ListItem","position":2,"name":"DRU\u0160TVENE MRE\u017dE"}]},{"@type":"WebSite","@id":"https:\/\/gpoint.yunethosting.rs\/#website","url":"https:\/\/gpoint.yunethosting.rs\/","name":"G POINT","description":"","potentialAction":[{"@type":"SearchAction","target":{"@type":"EntryPoint","urlTemplate":"https:\/\/gpoint.yunethosting.rs\/?s={search_term_string}"},"query-input":"required name=search_term_string"}],"inLanguage":"en-US"}]}},"_links":{"self":[{"href":"https:\/\/gpoint.yunethosting.rs\/index.php\/wp-json\/wp\/v2\/pages\/54","targetHints":{"allow":["GET"]}}],"collection":[{"href":"https:\/\/gpoint.yunethosting.rs\/index.php\/wp-json\/wp\/v2\/pages"}],"about":[{"href":"https:\/\/gpoint.yunethosting.rs\/index.php\/wp-json\/wp\/v2\/types\/page"}],"author":[{"embeddable":true,"href":"https:\/\/gpoint.yunethosting.rs\/index.php\/wp-json\/wp\/v2\/users\/2"}],"replies":[{"embeddable":true,"href":"https:\/\/gpoint.yunethosting.rs\/index.php\/wp-json\/wp\/v2\/comments?post=54"}],"version-history":[{"count":8,"href":"https:\/\/gpoint.yunethosting.rs\/index.php\/wp-json\/wp\/v2\/pages\/54\/revisions"}],"predecessor-version":[{"id":288,"href":"https:\/\/gpoint.yunethosting.rs\/index.php\/wp-json\/wp\/v2\/pages\/54\/revisions\/288"}],"wp:attachment":[{"href":"https:\/\/gpoint.yunethosting.rs\/index.php\/wp-json\/wp\/v2\/media?parent=54"}],"curies":[{"name":"wp","href":"https:\/\/api.w.org\/{rel}","templated":true}]}}