{"id":50,"date":"2024-07-22T11:09:13","date_gmt":"2024-07-22T11:09:13","guid":{"rendered":"https:\/\/gpoint.yunethosting.rs\/?page_id=50"},"modified":"2024-08-22T23:04:19","modified_gmt":"2024-08-22T21:04:19","slug":"web-portali","status":"publish","type":"page","link":"https:\/\/gpoint.yunethosting.rs\/index.php\/web-portali\/","title":{"rendered":"WEB PORTALI"},"content":{"rendered":"<p>[et_pb_section fb_built=&#8221;1&#8243; fullwidth=&#8221;on&#8221; _builder_version=&#8221;4.23.4&#8243; _module_preset=&#8221;default&#8221; global_colors_info=&#8221;{}&#8221;][et_pb_fullwidth_image src=&#8221;https:\/\/gpoint.yunethosting.rs\/wp-content\/uploads\/2024\/07\/heder-G-Point.jpg&#8221; title_text=&#8221;heder G Point&#8221; _builder_version=&#8221;4.23.4&#8243; _module_preset=&#8221;default&#8221; global_colors_info=&#8221;{}&#8221;][\/et_pb_fullwidth_image][\/et_pb_section][et_pb_section fb_built=&#8221;1&#8243; _builder_version=&#8221;4.16&#8243; locked=&#8221;off&#8221; global_colors_info=&#8221;{}&#8221;][et_pb_row column_structure=&#8221;3_4,1_4&#8243; _builder_version=&#8221;4.16&#8243; background_size=&#8221;initial&#8221; background_position=&#8221;top_left&#8221; background_repeat=&#8221;repeat&#8221; locked=&#8221;off&#8221; global_colors_info=&#8221;{}&#8221;][et_pb_column type=&#8221;3_4&#8243; _builder_version=&#8221;4.16&#8243; custom_padding=&#8221;|||&#8221; global_colors_info=&#8221;{}&#8221; custom_padding__hover=&#8221;|||&#8221;][et_pb_text _builder_version=&#8221;4.16&#8243; background_size=&#8221;initial&#8221; background_position=&#8221;top_left&#8221; background_repeat=&#8221;repeat&#8221; global_colors_info=&#8221;{}&#8221;]<!-- divi:paragraph --><\/p>\n<h1 style=\"text-align: justify;\"><\/h1>\n<h1 style=\"text-align: justify;\">VEB PORTALI<\/h1>\n<p style=\"text-align: justify;\"><span style=\"font-size: 14px;\">Izrada veb portala je slo\u017een proces koji uklju\u010duje vi\u0161e faza,<\/span><span style=\"font-size: 14px;\"> od definisanja ciljeva i funkcionalnosti do dizajna i implementacije.<\/span><span style=\"font-size: 14px;\"> Da bi portal bio uspe\u0161an,<\/span><span style=\"font-size: 14px;\"> va\u017eno je pa\u017eljivo planiranje procesa izrade.<\/span><\/p>\n<h3 data-sourcepos=\"5:1-5:50\" class=\"\">Definiranje ciljeva i funkcionalnosti<\/h3>\n<p data-sourcepos=\"7:1-7:96\"><span>Prvi korak je da jasno definisanje ciljeva veb portala i odre\u0111ivanje ciljnih grupa.<\/span><\/p>\n<p data-sourcepos=\"9:1-9:58\"><span>Neke od uobi\u010dajenih funkcionalnosti veb portala uklju\u010duju:<\/span><\/p>\n<ul data-sourcepos=\"11:1-12:76\">\n<li data-sourcepos=\"11:1-11:122\" style=\"text-align: justify;\"><strong>Sistem upravljanja sadr\u017eajem (CMS):<\/strong><span> omogu\u0107ava lako dodavanje,<\/span><span> a\u017euriranje i brisanje sadr\u017eaja na portalu.<\/span><\/li>\n<li data-sourcepos=\"12:1-12:76\" style=\"text-align: justify;\"><strong>Registracija i autentifikacija korisnika:<\/strong><span> omogu\u0107ava korisnicima kreiranje naloga i pristup sadr\u017eajima ili funkcijama.<\/span><\/li>\n<li data-sourcepos=\"13:1-13:94\" style=\"text-align: justify;\"><strong>Forum ili grupa za diskusiju:<\/strong><span> omogu\u0107ava korisnicima me\u0111usobnu komunikaciju.<\/span><\/li>\n<li data-sourcepos=\"14:1-14:90\" style=\"text-align: justify;\"><strong>Pretra\u017eiva\u010d:<\/strong><span> omogu\u0107ava korisnicima da lako prona\u0111u informacije na portalu.<\/span><\/li>\n<li data-sourcepos=\"15:1-15:122\" style=\"text-align: justify;\"><strong>Integracija dru\u0161tvenih mre\u017ea:<\/strong><span> omogu\u0107ava korisnicima lako deljenje sadr\u017eaja portala na dru\u0161tvenim mre\u017eama.<\/span><\/li>\n<li data-sourcepos=\"16:1-17:0\" style=\"text-align: justify;\"><strong>E-trgovina:<\/strong><span> omogu\u0107ava prodaju proizvoda ili usluga preko portala.<\/span><\/li>\n<\/ul>\n<h3 data-sourcepos=\"18:1-18:31\" class=\"\">Dizajn veb portala<\/h3>\n<p data-sourcepos=\"20:1-20:168\" style=\"text-align: justify;\"><span>Posle definisanja funkcionalnosti portala,<\/span><span> dizajniramo njegov izgled.<\/span><span> To uklju\u010duje stvaranje prototipa,<\/span><span> odabir palete boja i tipografije te dizajniranje rasporeda stranica.\u00a0<\/span><span>Va\u017eno je da dizajn portala bude privla\u010dan i korisni\u010dki pregledan, kako bi<\/span><span> korisnici mogli lako da prona\u0111u informacije koje tra\u017ee i da mogu da koriste funkcionalnosti portala bez pote\u0161ko\u0107a.<\/span><\/p>\n<p data-sourcepos=\"20:1-20:168\" style=\"text-align: justify;\"><span>Na\u0161 tim web programera i web dizajnera se ne fokusira samo na lep dizajn i izradu sajta ve\u0107 i na strukturu portala koja \u0107e pomo\u0107i posetiocima da u \u0161to kra\u0107em roku na\u0111u ono za \u010dim tragaju.\u00a0<\/span><span><\/span><span>Fokus stavljamo na brzinu i prilagodljivost <\/span><span>svim ekranima bilo da se radi o ra\u010dunarskim monitorima, tablet ure\u0111ajima ili mobilnim telefonima, \u0161to garantuje da \u0107e posetilac dobiti najbolji mogu\u0107i do\u017eivljaj, bez obzira koji ure\u0111aj i tehnologiju koristi.<\/span><\/p>\n<h3 data-sourcepos=\"24:1-24:39\" class=\"\">Implementacija web portala<\/h3>\n<p data-sourcepos=\"26:1-26:139\"><span>Implementacija podrazumeva pisanje, promenu\u00a0 ili dopunu koda,<\/span><span> testiranje i otklanjanje gre\u0161aka.\u00a0<\/span><span>Sledi izbor platforme za razvoj web portala koja mo\u017ee da podr\u017ei planirane funkcionalnosti. <\/span><span>WordPress platforma je laka za kori\u0161\u0107enje.<\/span><span><\/span><\/p>\n<h3 data-sourcepos=\"34:1-34:48\" class=\"\">Odr\u017eavanje i a\u017euriranje web portala<\/h3>\n<p data-sourcepos=\"36:1-36:166\" style=\"text-align: justify;\"><span>Va\u017eno je redovno odr\u017eavanje i a\u017euriranje veb portala.<\/span><span> Odr\u017eavanje podrazumeva ispravljanje gre\u0161aka i a\u017euriranje softvera, a a\u017euriranje uklju\u010duje dodavanje novog sadr\u017eaja<\/span><span>. Klijenti sami a\u017euriraju svoj veb portal, a G Point im poma\u017ee, u slu\u010daju potrebe, u ispravljanju gre\u0161aka i a\u017euriranju softvera.\u00a0<\/span><span>Tako\u0111e upoznajemo klijente sa tehnikama pra\u0107enja veb analitike<\/span><span>.<\/span>\u00a0<\/p>\n<p data-sourcepos=\"36:1-36:166\" style=\"text-align: justify;\">Cena usluga projektovanja, dizajna, izrade, implementacije i odr\u017eavanja veb portala se ugovara ponaosob, u zavisnosti od zahteva naru\u010dioca.<\/p>\n<p><!-- \/divi:paragraph -->[\/et_pb_text][\/et_pb_column][et_pb_column type=&#8221;1_4&#8243; _builder_version=&#8221;4.16&#8243; custom_padding=&#8221;|||&#8221; global_colors_info=&#8221;{}&#8221; custom_padding__hover=&#8221;|||&#8221;][et_pb_image src=&#8221;https:\/\/gpoint.yunethosting.rs\/wp-content\/uploads\/2024\/07\/SAJT-G-POINT.jpg&#8221; title_text=&#8221;SAJT G POINT&#8221; url=&#8221;http:\/\/vojvodjanski.com&#8221; url_new_window=&#8221;on&#8221; _builder_version=&#8221;4.27.0&#8243; _module_preset=&#8221;default&#8221; global_colors_info=&#8221;{}&#8221;][\/et_pb_image][et_pb_image src=&#8221;https:\/\/gpoint.yunethosting.rs\/wp-content\/uploads\/2024\/07\/vojvodjanski.jpeg&#8221; title_text=&#8221;vojvodjanski&#8221; url=&#8221;http:\/\/vojvodjanski.com&#8221; _builder_version=&#8221;4.27.0&#8243; _module_preset=&#8221;default&#8221; global_colors_info=&#8221;{}&#8221;][\/et_pb_image][et_pb_image src=&#8221;https:\/\/gpoint.yunethosting.rs\/wp-content\/uploads\/2024\/07\/mariniranje.jpeg&#8221; title_text=&#8221;mariniranje&#8221; url=&#8221;http:\/\/mariniranje.rs&#8221; _builder_version=&#8221;4.27.0&#8243; _module_preset=&#8221;default&#8221; global_colors_info=&#8221;{}&#8221;][\/et_pb_image][et_pb_image src=&#8221;https:\/\/gpoint.yunethosting.rs\/wp-content\/uploads\/2024\/07\/turisticka-prizma.jpeg&#8221; title_text=&#8221;turisti\u010dka prizma&#8221; url=&#8221;https:\/\/turistickaprizma.rs\/&#8221; _builder_version=&#8221;4.27.0&#8243; _module_preset=&#8221;default&#8221; global_colors_info=&#8221;{}&#8221;][\/et_pb_image][et_pb_image src=&#8221;https:\/\/gpoint.yunethosting.rs\/wp-content\/uploads\/2024\/07\/istn.jpeg&#8221; title_text=&#8221;istn&#8221; url=&#8221;http:\/\/istnews.com&#8221; _builder_version=&#8221;4.27.0&#8243; _module_preset=&#8221;default&#8221; global_colors_info=&#8221;{}&#8221;][\/et_pb_image][\/et_pb_column][\/et_pb_row][\/et_pb_section]<\/p>\n","protected":false},"excerpt":{"rendered":"<p>VEB PORTALI Izrada veb portala je slo\u017een proces koji uklju\u010duje vi\u0161e faza, od definisanja ciljeva i funkcionalnosti do dizajna i implementacije. Da bi portal bio uspe\u0161an, va\u017eno je pa\u017eljivo planiranje procesa izrade. Definiranje ciljeva i funkcionalnosti Prvi korak je da jasno definisanje ciljeva veb portala i odre\u0111ivanje ciljnih grupa. Neke od uobi\u010dajenih funkcionalnosti veb portala [&hellip;]<\/p>\n","protected":false},"author":2,"featured_media":0,"parent":0,"menu_order":0,"comment_status":"closed","ping_status":"closed","template":"","meta":{"_et_pb_use_builder":"on","_et_pb_old_content":"","_et_gb_content_width":"","footnotes":""},"class_list":["post-50","page","type-page","status-publish","hentry"],"yoast_head":"<!-- This site is optimized with the Yoast SEO plugin v23.3 - https:\/\/yoast.com\/wordpress\/plugins\/seo\/ -->\n<title>WEB PORTALI - G POINT<\/title>\n<meta name=\"robots\" content=\"index, follow, max-snippet:-1, max-image-preview:large, max-video-preview:-1\" \/>\n<link rel=\"canonical\" href=\"https:\/\/gpoint.yunethosting.rs\/index.php\/web-portali\/\" \/>\n<meta property=\"og:locale\" content=\"en_US\" \/>\n<meta property=\"og:type\" content=\"article\" \/>\n<meta property=\"og:title\" content=\"WEB PORTALI - G POINT\" \/>\n<meta property=\"og:description\" content=\"VEB PORTALI Izrada veb portala je slo\u017een proces koji uklju\u010duje vi\u0161e faza, od definisanja ciljeva i funkcionalnosti do dizajna i implementacije. Da bi portal bio uspe\u0161an, va\u017eno je pa\u017eljivo planiranje procesa izrade. Definiranje ciljeva i funkcionalnosti Prvi korak je da jasno definisanje ciljeva veb portala i odre\u0111ivanje ciljnih grupa. Neke od uobi\u010dajenih funkcionalnosti veb portala [&hellip;]\" \/>\n<meta property=\"og:url\" content=\"https:\/\/gpoint.yunethosting.rs\/index.php\/web-portali\/\" \/>\n<meta property=\"og:site_name\" content=\"G POINT\" \/>\n<meta property=\"article:modified_time\" content=\"2024-08-22T21:04:19+00:00\" \/>\n<meta name=\"twitter:card\" content=\"summary_large_image\" \/>\n<script type=\"application\/ld+json\" class=\"yoast-schema-graph\">{\"@context\":\"https:\/\/schema.org\",\"@graph\":[{\"@type\":\"WebPage\",\"@id\":\"https:\/\/gpoint.yunethosting.rs\/index.php\/web-portali\/\",\"url\":\"https:\/\/gpoint.yunethosting.rs\/index.php\/web-portali\/\",\"name\":\"WEB PORTALI - G POINT\",\"isPartOf\":{\"@id\":\"https:\/\/gpoint.yunethosting.rs\/#website\"},\"datePublished\":\"2024-07-22T11:09:13+00:00\",\"dateModified\":\"2024-08-22T21:04:19+00:00\",\"breadcrumb\":{\"@id\":\"https:\/\/gpoint.yunethosting.rs\/index.php\/web-portali\/#breadcrumb\"},\"inLanguage\":\"en-US\",\"potentialAction\":[{\"@type\":\"ReadAction\",\"target\":[\"https:\/\/gpoint.yunethosting.rs\/index.php\/web-portali\/\"]}]},{\"@type\":\"BreadcrumbList\",\"@id\":\"https:\/\/gpoint.yunethosting.rs\/index.php\/web-portali\/#breadcrumb\",\"itemListElement\":[{\"@type\":\"ListItem\",\"position\":1,\"name\":\"Home\",\"item\":\"https:\/\/gpoint.yunethosting.rs\/\"},{\"@type\":\"ListItem\",\"position\":2,\"name\":\"WEB PORTALI\"}]},{\"@type\":\"WebSite\",\"@id\":\"https:\/\/gpoint.yunethosting.rs\/#website\",\"url\":\"https:\/\/gpoint.yunethosting.rs\/\",\"name\":\"G POINT\",\"description\":\"\",\"potentialAction\":[{\"@type\":\"SearchAction\",\"target\":{\"@type\":\"EntryPoint\",\"urlTemplate\":\"https:\/\/gpoint.yunethosting.rs\/?s={search_term_string}\"},\"query-input\":\"required name=search_term_string\"}],\"inLanguage\":\"en-US\"}]}<\/script>\n<!-- \/ Yoast SEO plugin. -->","yoast_head_json":{"title":"WEB PORTALI - G POINT","robots":{"index":"index","follow":"follow","max-snippet":"max-snippet:-1","max-image-preview":"max-image-preview:large","max-video-preview":"max-video-preview:-1"},"canonical":"https:\/\/gpoint.yunethosting.rs\/index.php\/web-portali\/","og_locale":"en_US","og_type":"article","og_title":"WEB PORTALI - G POINT","og_description":"VEB PORTALI Izrada veb portala je slo\u017een proces koji uklju\u010duje vi\u0161e faza, od definisanja ciljeva i funkcionalnosti do dizajna i implementacije. Da bi portal bio uspe\u0161an, va\u017eno je pa\u017eljivo planiranje procesa izrade. Definiranje ciljeva i funkcionalnosti Prvi korak je da jasno definisanje ciljeva veb portala i odre\u0111ivanje ciljnih grupa. Neke od uobi\u010dajenih funkcionalnosti veb portala [&hellip;]","og_url":"https:\/\/gpoint.yunethosting.rs\/index.php\/web-portali\/","og_site_name":"G POINT","article_modified_time":"2024-08-22T21:04:19+00:00","twitter_card":"summary_large_image","schema":{"@context":"https:\/\/schema.org","@graph":[{"@type":"WebPage","@id":"https:\/\/gpoint.yunethosting.rs\/index.php\/web-portali\/","url":"https:\/\/gpoint.yunethosting.rs\/index.php\/web-portali\/","name":"WEB PORTALI - G POINT","isPartOf":{"@id":"https:\/\/gpoint.yunethosting.rs\/#website"},"datePublished":"2024-07-22T11:09:13+00:00","dateModified":"2024-08-22T21:04:19+00:00","breadcrumb":{"@id":"https:\/\/gpoint.yunethosting.rs\/index.php\/web-portali\/#breadcrumb"},"inLanguage":"en-US","potentialAction":[{"@type":"ReadAction","target":["https:\/\/gpoint.yunethosting.rs\/index.php\/web-portali\/"]}]},{"@type":"BreadcrumbList","@id":"https:\/\/gpoint.yunethosting.rs\/index.php\/web-portali\/#breadcrumb","itemListElement":[{"@type":"ListItem","position":1,"name":"Home","item":"https:\/\/gpoint.yunethosting.rs\/"},{"@type":"ListItem","position":2,"name":"WEB PORTALI"}]},{"@type":"WebSite","@id":"https:\/\/gpoint.yunethosting.rs\/#website","url":"https:\/\/gpoint.yunethosting.rs\/","name":"G POINT","description":"","potentialAction":[{"@type":"SearchAction","target":{"@type":"EntryPoint","urlTemplate":"https:\/\/gpoint.yunethosting.rs\/?s={search_term_string}"},"query-input":"required name=search_term_string"}],"inLanguage":"en-US"}]}},"_links":{"self":[{"href":"https:\/\/gpoint.yunethosting.rs\/index.php\/wp-json\/wp\/v2\/pages\/50","targetHints":{"allow":["GET"]}}],"collection":[{"href":"https:\/\/gpoint.yunethosting.rs\/index.php\/wp-json\/wp\/v2\/pages"}],"about":[{"href":"https:\/\/gpoint.yunethosting.rs\/index.php\/wp-json\/wp\/v2\/types\/page"}],"author":[{"embeddable":true,"href":"https:\/\/gpoint.yunethosting.rs\/index.php\/wp-json\/wp\/v2\/users\/2"}],"replies":[{"embeddable":true,"href":"https:\/\/gpoint.yunethosting.rs\/index.php\/wp-json\/wp\/v2\/comments?post=50"}],"version-history":[{"count":17,"href":"https:\/\/gpoint.yunethosting.rs\/index.php\/wp-json\/wp\/v2\/pages\/50\/revisions"}],"predecessor-version":[{"id":282,"href":"https:\/\/gpoint.yunethosting.rs\/index.php\/wp-json\/wp\/v2\/pages\/50\/revisions\/282"}],"wp:attachment":[{"href":"https:\/\/gpoint.yunethosting.rs\/index.php\/wp-json\/wp\/v2\/media?parent=50"}],"curies":[{"name":"wp","href":"https:\/\/api.w.org\/{rel}","templated":true}]}}